 - 19*u = -21*u + 54. Calculate the highest common divisor of 176 and o.
16
Let m(h) = 8*h - 12. Let p be m(5). Suppose -4*l = -3*j + 198, -2*l - 365 = -5*j - 7*l. What is the greatest common divisor of j and p?
14
Let p = -211 + 266. Calculate the greatest common divisor of p and 11.
11
Let j be 0 - (1 + 3/(-3)). Suppose 0*s - s + 17 = j. Let h = -8 + s. What is the greatest common divisor of 9 and h?
9
Let c be 4/(-6)*(-43 - 11). Let y be (c/15 - 2)*-25. Let p be (-836)/y + (-30)/(-75). Calculate the highest common divisor of p and 12.
12
Let q = 113 + -32. Let h = q + -72. Calculate the highest common factor of 45 and h.
9
Let u be (9/(-6))/((-1)/10). Let z be (4/7)/(7/49). Suppose 0 = 3*l + 5*j - 490, 4*l - 800 = -z*j - 144. Calculate the highest common factor of l and u.
15
Suppose -18*i = 28*i - 506. Calculate the greatest common divisor of i and 1.
1
Suppose -3*h = -20 + 20. Suppose l + h*l = -2*z + 59, 3 = -3*l. Calculate the highest common factor of 330 and z.
30
Suppose -2*q - j + 93 = 0, 4*q - 100 = 2*j + 90. Suppose -17*u + q = -16*u. Suppose -17 = 5*v - u. Calculate the greatest common factor of v and 6.
6
Suppose -4*h + 4*p = -476, -3*h + 107 = -2*h + 3*p. Let j = h + -112. Calculate the greatest common divisor of j and 40.
4
Suppose 3*w = -2*k - 3, 9*k = 13*k - 3*w - 39. Let m = 8 - 2. What is the highest common factor of k and m?
6
Suppose 3*o = 4*m - 1098, 2*o + 347 - 70 = m. What is the highest common divisor of 42 and m?
21
Suppose 0 = 319*c + 4739 - 30259. Suppose -2*q = -3*y - 92, 2*q + 4*y = q + 24. What is the highest common divisor of q and c?
40
Let p be -2 + 18/3 + 252. Calculate the greatest common factor of p and 4.
4
Let n(u) = u**2 + 34*u + 340. Let a be n(-18). What is the highest common factor of a and 650?
26
Let p(u) = -u**3 - 5*u**2 + 7*u + 8. Let s be p(-6). Suppose 147 = t + s*t. Let r be (2/6)/(6/126). What is the greatest common divisor of t and r?
7
Suppose -56 = -2*i + 4*t, t - 1 = -0*t. Suppose -19 = -j + 11. Calculate the greatest common divisor of i and j.
30
Suppose -2853 + 2809 = -2*y. Calculate the highest common divisor of y and 14.
2
Let t(a) be the first derivative of a**3/3 + 3*a**2 - 8*a + 4. Let d be t(-10). What is the greatest common factor of 16 and d?
16
Let r be 1 + (-8)/24 - 257/3. Let k = r + 99. What is the highest common factor of k and 126?
14
Suppose 913 = 4*p - 2735. Calculate the highest common divisor of p and 32.
16
Let x = -317 + 331. Calculate the highest common factor of 448 and x.
14
Let n be (4/5)/(42/5 + -8). Suppose n*j + f - 3*f - 26 = 0, -j + 7 = 2*f. Let y = 54 + -10. Calculate the greatest common factor of j and y.
11
Let p(v) = v**2 - 3*v - 24. Let y(q) = 4*q - 41. Let z be y(8). Let j be p(z). Calculate the highest common factor of j and 12.
12
Suppose 4*i - 17 = 3. Suppose -i*d + g - 8 = -102, 0 = -2*d - 2*g + 40. Calculate the greatest common factor of d and 1.
1
Suppose -2*y = -4*g + 8, -6 = -0*g - 3*g + 5*y. Let h be ((-27)/(-5))/(g/10) + 1. Calculate the greatest common factor of h and 14.
14
Suppose 7*y - 12 = 4*y. Suppose 4*n = 6*n + y. Let m be n/12 + (-5052)/(-72). Calculate the highest common factor of 10 and m.
10
Suppose -3*n = 7 - 13. Suppose -3*t + 0*t + v + 7 = 0, 0 = n*t + 3*v + 10. Calculate the highest common factor of 9 and t.
1
Let f = 93 - 78. Suppose 19 = r + 4*m - 8, 5*m + f = 2*r. Suppose 4*q - 3*q - 16 = -3*p, 5*p - 2*q = 34. What is the greatest common divisor of p and r?
3
Let h be 0 - (7 - 3) - -21. Let o(f) = h + f**2 + 53 - 2*f + 0*f**2 + f**3. Let c be o(0). What is the highest common factor of c and 10?
10
Let u(p) = -39*p**3 - 4*p**2 + 4. Let a be u(-1). Calculate the greatest common factor of a and 13.
13
Suppose 5*s + 2*r - 14 - 232 = 0, -248 = -5*s - r. Let v = -79 - -154. Calculate the greatest common divisor of s and v.
25
Let x be (-7 + 210/18)/((-12)/(-18)). What is the greatest common factor of x and 27?
1
Suppose 0 = -t - 13*t + 98. Calculate the highest common factor of t and 63.
7
Let p = 554 - 294. Suppose -12*h = -7*h - p. Calculate the highest common divisor of 78 and h.
26
Let d(r) = 5*r**3 - 2*r + 5*r**2 + 5*r - 7*r - 2 - 2*r**3. Let l be d(3). What is the greatest common divisor of l and 14?
14
Suppose -3*k = -376*s + 374*s + 330, -k - 838 = -5*s. Calculate the greatest common factor of 24 and s.
24
Let x(t) = -35*t + 226. Let j be x(6). Suppose -h + 445 = 4*p, -29 = 2*p + 5*h - 238. Calculate the highest common divisor of j and p.
16
Suppose 0 = -5*z + 4 - 84. Let b be (-196)/z - (-2)/(-8). What is the highest common factor of b and 9?
3
Let m = -15 - -19. Suppose -32 = -m*x + 2*x. Let j be ((-24)/5)/((-1)/5). Calculate the greatest common divisor of x and j.
8
Suppose -5*r = 2*k - 14, -2*r - 10 = -k - 6*r. Let b = -7 - -11. Calculate the highest common factor of k and b.
2
Let g(t) = -2*t**3 - 25*t**2 - 14*t - 15. Let c be g(-12). Calculate the greatest common factor of 108 and c.
9
Suppose 22 = 4*u - 4*k - 6, 0 = -3*u + 4*k + 23. Suppose c + 45 = 3*g, 5*g - u*c = 58 + 7. Calculate the greatest common divisor of 64 and g.
16
Suppose 3*s = -p + 11 + 23, -2*s = 4*p - 6. Suppose -3*q + 4*z = -293, -5*q = -3*q + 3*z - 167. What is the greatest common divisor of q and s?
13
Let x = -670 - -835. What is the highest common factor of 66 and x?
33
Let v = -90 - -165. Suppose -3*c + v = 4*n, 4*c = n - 0 + 5. Suppose 0*j - n = -j. What is the greatest common divisor of 120 and j?
15
Let r = -135 - -280. Let a = r - 82. What is the highest common factor of a and 7?
7
Let p(f) = -2*f - 4. Let o be p(-5). Let a be -57*(-6 + 56/(-24)). Suppose -a = -o*b + b. Calculate the highest common divisor of b and 38.
19
Let a = -35 + 19. Let d be 4/a - (-18)/8. Let v be 29/1 - (-5 + d). What is the highest common factor of 8 and v?
8
Let w = 292 + -274. What is the highest common factor of 6 and w?
6
Let a = 0 - -13. Let k be (-18)/((-325)/1014 + (-3)/(-18)). What is the highest common factor of a and k?
13
Suppose h + 28 = 24, t + 2*h = 25. What is the highest common divisor of 891 and t?
33
Suppose 16 = 2*y + 4*a, -4*a = 3*y - 1 - 27. Suppose 5*s - 4*i = 52, y*s - 9*s - 21 = -i. Suppose -3*l + 16 = l. What is the highest common factor of s and l?
4
Let w = -178 + 190. Suppose -k + 5*m + 3 = 0, 2*k - 3*m = m - 6. Let f(r) = -6*r - 6. Let o be f(k). What is the highest common factor of w and o?
12
Suppose -3*p - 452 = -4019. Calculate the highest common divisor of p and 82.
41
Let m = 448 + -446. Calculate the highest common factor of 22 and m.
2
Let f be (1/3)/((-6)/(-3042)). Suppose -2*x + 115 = -f. Let r be x/9 + 20/90. Calculate the greatest common factor of 48 and r.
16
Let j = 207 - 119. Calculate the greatest common divisor of j and 22.
22
Suppose -41*d + 42*d = -1, 5*x + 5*d = 4285. What is the highest common divisor of x and 52?
26
Suppose 29*c - 13*c = 1008. Calculate the highest common factor of c and 135.
9
Let w(z) be the third derivative of z**5/6 - 3*z**4/8 - 7*z**3/6 + 22*z**2. Let f be w(5). Calculate the highest common factor of f and 22.
22
Suppose -16*o - 30 = -19*o + b, 4*o - 3*b - 35 = 0. What is the greatest common factor of o and 77?
11
Let a = 68 + -28. Suppose -w - a + 176 = 0. Let u = -1729 + 1746. What is the greatest common factor of u and w?
17
Suppose 46 = 4*u - 2*u. Let f = 56 - 54. Suppose 2*j = -3*c + 74, -f*c + 38 + u = -j. Calculate the highest common divisor of 7 and c.
7
Let f(u) = 7*u - 4. Let t be f(4). Let s be ((-1)/3)/((-1)/(-57)). Let v = s - -31. What is the highest common divisor of t and v?
12
Let k(s) = 3*s**2 + 4*s - 4. Let w be k(3). Let v = -226 - -231. What is the highest common divisor of v and w?
5
Let g(v) = -v**2 - 2*v + 3. Let y be g(2). Let r(d) = -5*d - 12. Let w be r(y). Let l = -7 + w. What is the greatest common factor of l and 2?
2
Suppose 0 = 3*h + 5*b - 186, 2*h + 5*b - 122 = b. Let u = 117 - h. Calculate the highest common divisor of 20 and u.
10
Let z(l) = 2*l + 1. Let w be 6/9*9/6. Let q be z(w). Suppose -q*h + 162 = -0*h. Calculate the greatest common divisor of 6 and h.
6
Suppose -2*y + 2 = 0, -2*y = -4*q + y + 21. Calculate the highest common factor of q and 30.
6
Let o(g) = 17*g**2 + 3*g + 8. Let a(k) = 35*k**2 + 6*k + 18. Let j(v) = -3*a(v) + 7*o(v). Let z be j